?
114
Calculate the greatest common divisor of 40875 and 141225.
75
Calculate the highest common factor of 1635914 and 1862.
98
Calculate the greatest common factor of 29228820 and 2580.
2580
What is the greatest common divisor of 56578384 and 91152?
3376
What is the greatest common factor of 26051105 and 6980?
1745
What is the highest common divisor of 1020 and 691036?
4
What is the greatest common divisor of 161715920 and 2495?
2495
What is the greatest common divisor of 310123 and 323433?
1331
What is the highest common factor of 3505592 and 52248?
2488
Calculate the highest common divisor of 541719625 and 150.
25
Calculate the greatest common factor of 5357223 and 27.
9
Calculate the highest common factor of 1409112 and 128.
8
What is the greatest common divisor of 360634700 and 25?
25
What is the greatest common divisor of 1880 and 12687650?
470
Calculate the greatest common divisor of 28452 and 2100.
12
Calculate the greatest common factor of 88257 and 52779.
219
What is the highest common factor of 35424 and 21361?
41
Calculate the greatest common divisor of 77317878 and 3762.
1254
What is the highest common divisor of 5739224 and 28078?
202
Calculate the highest common divisor of 87692 and 1188.
44
Calculate the greatest common divisor of 554606 and 10537.
257
What is the highest common factor of 16578 and 287025966?
5526
Calculate the highest common divisor of 178093749 and 13092.
3273
Calculate the highest common divisor of 505 and 221045.
5
Calculate the greatest common factor of 4676 and 23156.
28
What is the highest common divisor of 1392 and 61711608?
24
What is the highest common factor of 574 and 57807827?
287
Calculate the highest common factor of 184656 and 13424.
16
What is the greatest common divisor of 530 and 35908030?
530
What is the greatest common divisor of 11153255 and 145?
145
What is the greatest common factor of 15221727 and 9?
9
Calculate the highest common divisor of 1725 and 69960135.
345
Calculate the greatest common divisor of 1551748 and 187.
11
What is the highest common factor of 1150 and 3013690?
230
What is the highest common factor of 17297353 and 87191?
6707
Calculate the greatest common factor of 325575 and 3735.
45
What is the highest common divisor of 7428 and 56208?
12
Calculate the highest common factor of 16271475 and 7335.
2445
Calculate the highest common divisor of 2138 and 1250486268.
2138
What is the greatest common divisor of 265307184 and 24624?
8208
What is the greatest common factor of 36516933 and 774?
387
What is the highest common divisor of 279417207 and 303?
303
Calculate the greatest common divisor of 81001384 and 511.
73
Calculate the greatest common divisor of 216107766 and 129.
129
Calculate the greatest common divisor of 8472495 and 870.
435
Calculate the greatest common factor of 11655802 and 161.
23
What is the greatest common divisor of 55439217 and 335?
67
What is the highest common divisor of 57494481 and 4719?
363
What is the highest common factor of 78624850 and 1900?
950
What is the highest common divisor of 24869651 and 361?
361
Calculate the greatest common factor of 15 and 364524.
3
Calculate the greatest common divisor of 612 and 81793188.
612
Calculate the greatest common factor of 59641416 and 1856472.
18024
Calculate the greatest common divisor of 1121424 and 732.
732
What is the highest common divisor of 1383029492 and 4318?
4318
What is the highest common divisor of 386 and 24746?
2
What is the greatest common divisor of 11919775 and 1575?
175
Calculate the highest common divisor of 3176 and 52024468.
1588
What is the greatest common divisor of 494466 and 150060?
366
What is the highest common factor of 994 and 1767474?
142
What is the highest common divisor of 1370 and 144793245?
685
Calculate the greatest common divisor of 153 and 33124551.
51
Calculate the greatest common factor of 20 and 79250810.
10
Calculate the highest common factor of 686617 and 30105.
223
Calculate the highest common divisor of 3298 and 996829.
17
Calculate the highest common factor of 90 and 137897424.
18
Calculate the highest common divisor of 87499561 and 20128.
629
Calculate the highest common divisor of 4000938 and 3.
3
What is the greatest common divisor of 717460 and 55880?
20
What is the greatest common divisor of 167722394 and 11270?
2254
Calculate the greatest common factor of 1100437009 and 7.
7
What is the highest common divisor of 3636 and 18288?
36
What is the highest common divisor of 2453547 and 3408?
213
What is the highest common factor of 40580354 and 13190?
2638
Calculate the greatest common divisor of 2813095 and 19995.
155
What is the highest common factor of 6873471 and 7128?
297
Calculate the highest common factor of 190 and 7094310.
10
What is the greatest common factor of 216 and 98221842?
54
What is the greatest common divisor of 5996229 and 177?
177
What is the greatest common factor of 74366 and 285342?
38
Calculate the highest common divisor of 673750 and 35035.
2695
Calculate the greatest common divisor of 5134 and 682067.
151
Calculate the greatest common factor of 535386 and 384.
6
Calculate the greatest common factor of 3190 and 187525745.
1595
Calculate the highest common divisor of 46 and 10969666.
46
What is the greatest common divisor of 1972457317 and 969?
323
Calculate the greatest common divisor of 73796 and 10678.
38
What is the greatest common divisor of 2112 and 1032240?
528
What is the greatest common factor of 3673624 and 248?
248
Calculate the greatest common factor of 3720 and 63386940.
1860
What is the greatest common divisor of 15675 and 35575?
25
What is the highest common factor of 7862319 and 484866?
1971
What is the greatest common divisor of 919 and 211508769?
919
What is the highest common divisor of 5844 and 58982031?
1461
What is the greatest common divisor of 1848 and 340116?
84
Calculate the greatest common factor of 10765741 and 4802.
343
Calculate the highest common factor of 37915625 and 75.
25
What is the highest common divisor of 160679252 and 424?
212
Calculate the greatest common divisor of 19509 and 488654.
929
What is the greatest common factor of 28610 and 7300?
10
Calculate the greatest common factor of 36121 and 889003.
41
Calculate the greatest common divisor of 9531030 and 75.
15
Calculate the greatest common divisor of 455892 and 3228.
12
Calculate the highest common factor of 762528 and 1443.
39
What is the greatest common factor of 60615373 and 273?
91
Calculate the greatest common factor of 1388 and 2120170.
694
Calculate the greatest common factor of 1566 and 4001391.
261
Calculate the highest common factor of 14616 and 61538.
58
Calculate the greatest common factor of 64409681 and 973.
973
Calculate the highest common divisor of 117 and 295607.
13
Calculate the greatest common factor of 60717 and 52725.
111
What is the greatest common factor of 16326297 and 21528?
2691
Calculate the highest common factor of 102946722 and 128452.
3778
Calculate the greatest common factor of 2208016 and 16992.
944
What is the greatest common factor of 6973 and 62852?
19
Calculate the highest common factor of 2006966 and 1508.
26
What is the greatest common factor of 8712244 and 25120?
628
Calculate the highest common factor of 46428 and 375804.
876
What is the highest common factor of 132503 and 4109?
7
Calculate the greatest common divisor of 23977689 and 156369.
3327
What is the greatest common factor of 51323 and 8534?
17
What is the highest common factor of 84 and 4071702?
6
Calculate the greatest common divisor of 8 and 501896872.
8
Calculate the highest common factor of 112 and 850318.
14
What is the greatest common factor of 116760585 and 45?
15
What is the greatest common divisor of 21672450 and 714?
102
Calculate the greatest common factor of 161598330 and 360.
90
What is the highest common divisor of 183900990 and 3710?
3710
Calculate the greatest common factor of 118 and 253904.
2
Calculate the highest common factor of 14297 and 485257.
841
Calculate the greatest common factor of 203651397 and 1161.
387
Calculate the greatest common divisor of 250435 and 4.
1
What is the highest common divisor of 2225 and 378485405?
445
What is the highest common divisor of 1080151 and 4925?
197
Calculate the highest common fa